-64*k + 3904. Determine d(81).
-1280
Let i(b) = -224*b + 52403. Calculate i(234).
-13
Let s(v) = 1793*v + 5292. What is s(-3)?
-87
Let t(g) = -479*g**2 + 105*g - 104. Give t(1).
-478
Let b(f) = -7*f**2 - 2551*f - 49220. Determine b(-344).
-28
Let k(w) = w**2 + 70180*w + 350870. What is k(-5)?
-5
Let q(b) = -30*b**2 + 966*b - 581. What is q(32)?
-389
Let q(n) = -33*n**2 - 326*n - 787. Calculate q(-5).
18
Let c(f) = -2*f**2 + 358*f - 11191. Calculate c(138).
125
Let y(f) = 8*f**3 + 12*f**2 + 629*f - 640. What is y(1)?
9
Let b(h) = 4*h**3 + 16*h**2 - 2*h + 239. Determine b(-6).
-37
Let i(y) = 761*y**2 + 10090*y + 2605. Give i(-13).
44
Let x(y) = -18944*y - 16. What is x(0)?
-16
Let b(m) = 52*m**2 + 25466*m - 32432. Calculate b(-491).
-26
Let d(t) = 7*t**3 + 118*t**2 - 138*t + 101. Give d(-18).
-7
Let y(g) = -5*g**3 + 7*g**2 - 92*g + 248. What is y(3)?
-100
Let k(p) = -84*p**2 - 35*p - 63. What is k(-2)?
-329
Let m(l) = 13179*l + 92151. Give m(-7).
-102
Let j(l) = l**3 - 106*l**2 + 100*l + 6. What is j(1)?
1
Let n(s) = 2*s**2 - 57*s - 14122. Determine n(101).
523
Let a(u) = -2*u**3 - 216*u**2 + 388*u + 42042. Determine a(-108).
138
Let m(s) = 6*s**3 + 141*s**2 - 39*s - 95. Determine m(-10).
8395
Let g(p) = 2*p**3 - 75*p**2 - 117*p + 1287. Give g(38).
-1715
Let n(f) = 484*f**2 + 6267*f + 28. Calculate n(-13).
353
Let n(g) = -2088*g + 18535. Determine n(9).
-257
Let p(s) = -2*s**3 + 283*s**2 + 428*s - 323. Give p(143).
-466
Let v(w) = 627*w - 2874. What is v(6)?
888
Let l(z) = -21606*z + 129480. Give l(6).
-156
Let t(g) = -4*g**3 + 212*g**2 - 961*g + 30. Calculate t(48).
-18
Let s(g) = 340*g**2 - 7530*g + 38783. What is s(14)?
3
Let t(w) = 12*w**2 + 1360*w + 22685. What is t(-93)?
-7
Let q(d) = -61*d**2 + 5533*d - 56428. Determine q(79).
-22
Let l(i) = -i**3 + i**2 + 795*i - 326. Calculate l(29).
-819
Let q(l) = 470*l**2 + 2385*l + 19. Calculate q(-5).
-156
Let h(b) = 225*b**2 + 855*b - 13222. Give h(6).
8
Let d(p) = -17*p**2 - 1197*p - 2901. Determine d(-68).
-113
Let j(z) = -4688*z - 412436. Give j(-88).
108
Let d(x) = -13*x**2 + 192*x - 640. Determine d(6).
44
Let d(w) = 22423*w + 125. Calculate d(0).
125
Let p(y) = -y**3 - 147*y**2 + 10336*y - 2343. Determine p(-199).
45
Let r(n) = -n**3 - 203*n**2 - 250*n + 1058. Determine r(-3).
8
Let f(r) = r**3 - 8*r**2 - 527*r - 341. What is f(-19)?
-75
Let a(o) = -18779*o + 93846. Calculate a(5).
-49
Let s(h) = -h**3 + 10*h**2 - 4325*h + 38857. Give s(9).
13
Let d(r) = 30419*r + 1095096. Determine d(-36).
12
Let c(x) = 5*x**2 - 104*x + 14. Calculate c(22).
146
Let i(k) = k**2 - 23293*k + 209545. Determine i(9).
-11
Let u(q) = -149*q - 1704. What is u(-8)?
-512
Let v(c) = 3609*c**2 - 7280*c + 120. Determine v(2).
-4
Let a(z) = -51*z**2 + 57667*z - 41814. Calculate a(1130).
-4
Let z(y) = -y**3 + 155*y**2 - 266*y - 6026. Give z(153).
94
Let z(c) = 6*c**3 + 235*c**2 + 49*c + 331. Give z(-39).
-59
Let l(f) = -2*f**3 + 352*f**2 + 746*f - 6040. Calculate l(178).
12
Let n(p) = -p**3 + 88*p**2 + 3064*p + 4709. Determine n(115).
-6
Let h(c) = -c**2 - 63*c + 10610. What is h(75)?
260
Let j(u) = 53*u**2 - 877*u - 22. Determine j(16).
-486
Let g(w) = 25*w**2 + 5*w + 18. Calculate g(6).
948
Let p(y) = -y**2 + 168*y - 5602. Calculate p(46).
10
Let o(b) = b**2 - 4775*b + 33388. Determine o(7).
12
Let y(l) = -l**3 + 521*l**2 + 3624*l - 494. What is y(-7)?
10
Let z(k) = k**3 - 101*k**2 + 330*k - 23003. What is z(100)?
-3
Let z(w) = -239160*w + 1674164. Give z(7).
44
Let w(k) = -k**3 + 164*k**2 + 369*k - 6130. Calculate w(166).
12
Let x(f) = -125*f**2 + 1463*f - 3909. Determine x(4).
-57
Let s(t) = -1683*t + 153164. Determine s(91).
11
Let b(t) = -2177*t - 2074. Determine b(-1).
103
Let p(q) = q**3 + 35*q**2 + 284*q - 6. Determine p(-19).
374
Let h(d) = -10*d**3 - 190*d**2 + 1610*d - 4. Calculate h(8).
-4404
Let s(l) = -l**2 + 24*l + 72. What is s(26)?
20
Let f(i) = i**3 - 19*i**2 - 293*i - 500. Give f(-2).
2
Let b(v) = -127*v**2 + 736*v - 1469. What is b(2)?
-505
Let a(g) = 4*g**2 + 183*g - 307. What is a(-44)?
-615
Let d(l) = -60*l**2 + 14881*l - 668. Determine d(248).
-420
Let n(o) = 100*o**2 + 2698*o - 73. Determine n(-27).
-19
Let p(r) = -r**2 - 110*r - 45. Calculate p(-99).
1044
Let p(c) = -2*c**3 + 27*c**2 + 170*c - 2380. What is p(13)?
-1
Let u(a) = 10919*a - 21136. Calculate u(2).
702
Let s(u) = -424*u + 54651. Give s(129).
-45
Let o(v) = 6836*v - 2351588. Calculate o(344).
-4
Let d(h) = 910*h**2 - 443174*h + 1945. What is d(487)?
-3
Let a(o) = -417*o + 26503. Determine a(65).
-602
Let x(r) = 14103*r - 169235. What is x(12)?
1
Let z(v) = -50928*v - 254623. Give z(-5).
17
Let d(s) = -2*s**3 - 9*s**2 - 847*s - 3338. Give d(-4).
34
Let i(g) = 7*g**2 + 3214*g + 34505. Calculate i(-11).
-2
Let i(z) = -2*z**3 - 209*z**2 + 1217*z + 826. Give i(-110).
56
Let l(m) = 207*m**3 + 6*m**2 + 49*m + 107. Determine l(-3).
-5575
Let i(c) = -2*c**3 + 240*c**2 - 240*c - 225. Determine i(119).
-463
Let q(s) = s**3 - 16*s**2 - 47*s + 20. What is q(21)?
1238
Let r(q) = -7*q**3 + 5*q**2 + 164*q + 3. What is r(0)?
3
Let u(j) = -19774*j + 20822020. Give u(1053).
-2
Let s(c) = 12*c**3 + 23*c**2 + 17*c - 1. Calculate s(-2).
-39
Let t(q) = 2*q**2 - 165*q + 10. Calculate t(84).
262
Let z(p) = -32*p**2 - 57*p - 15. Calculate z(-3).
-132
Let v(q) = -2*q**3 - 46*q**2 - 38*q + 303. Give v(-22).
171
Let m(j) = -31*j**2 - 63329*j + 63332. Calculate m(1).
-28
Let d(a) = -768*a**2 - 50683*a + 334. Calculate d(-66).
4
Let c(z) = 2*z**2 - 116*z - 3810. What is c(-24)?
126
Let x(j) = -58*j**2 + 318*j - 292. Calculate x(5).
-152
Let v(y) = 149872*y + 11989755. Calculate v(-80).
-5
Let m(q) = -q**3 + 30*q**2 - 95*q + 2. What is m(26)?
236
Let p(t) = -5546*t + 815267. Calculate p(147).
5
Let o(y) = -52*y**2 - 511*y + 2899. Calculate o(4).
23
Let s(n) = -38*n**2 - 103*n + 849. Determine s(0).
849
Let n(y) = -4756*y - 3238816. Calculate n(-681).
20
Let i(l) = -267*l + 7708. What is i(15)?
3703
Let x(a) = 2*a**3 + 63*a**2 - 17*a - 487. Give x(-32).
-967
Let y(s) = -603*s**3 - 8*s**2 - 17*s + 22. What is y(1)?
-606
Let i(u) = 3807*u + 15395. Calculate i(-4).
167
Let b(p) = p**2 - 25*p - 17407. Calculate b(-120).
-7
Let u(k) = 544*k - 31820. Determine u(58).
-268
Let g(o) = 160*o**3 - 3*o**2 - 15*o + 21. Calculate g(1).
163
Let q(i) = 456*i - 27814. Give q(60).
-454
Let d(a) = 3*a**3 + 172*a**2 + 59*a + 122. Calculate d(-57).
8
Let o(a) = 7076*a + 119831. Give o(-17).
-461
Let q(l) = -l**3 - 152*l**2 - 887*l - 43597. Calculate q(-148).
63
Let m(s) = -2*s**3 - 846*s**2 - 9859*s + 2058. Give m(-411).
3
Let z(c) = -c**3 - 76*c**2 - 107*c + 176. Determine z(-74).
-2858
Let y(o) = -4*o**2 + 579*o + 3627. What is y(-6)?
9
Let n(o) = -o**3 + 172*o**2 - 865*o + 5028. Give n(167).
18
Let c(m) = 6*m**2 - 703*m + 6567. Calculate c(107).
40
Let q(k) = 959*k - 158230. Give q(165).
5
Let g(m) = -5*m**2 + 7193*m + 36085. Determine g(-5).
-5
Let s(q) = -2*q**2 + 4872*q + 2191440. Calculate s(-388).
16
Let a(r) = -135902*r - 1223117. What is a(-9)?
1
Let p(f) = -211018*f + 1055104. Give p(5).
14
Let c(v) = -2*v**3 - 1245*v**2 - 11691*v - 27008. What is c(-613)?
-36
Let d(z) = -z**3 + 12*z**2 + 799*z - 85. Give d(-24).
1475
Let n(p) = -1235*p**2 - 23468*p + 29. Give n(-19).
86
Let j(f) = 289*f**3 - 12*f**2 - 14*f + 25. Calculate j(1).
288
Let d(w) = 574*w**2 + 13238*w + 873. Determine d(-23).
45
Let o(g) = -g**3 + 25*g**2 + 151*g - 4178. What is o(29)?
-3163
Let n(c) = 42*c**3 + 37*c**2 + 4*c + 9. Give n(-3).
-804
Let h(d) = 128789*d + 901511. Give h(-7).
-12
Let k(s) = -6*s**2 - 9190*s + 205069. Give k(22).
-15
Let d(j) = 2*j**2 - 65561*j + 1441350. Calculate d(22).
-24
Let t(z) = -21*z**3 - 8*z**2 - 1596*z - 1594. What is t(-1)?
15
Let s(y) = 30*y**2 - 1283*y - 6434. Determine s(-5).
731
Let r(n) = 9310*n + 28924. Give r(-3).
994
Let s(u) = -2*u**3 - 83*u**2 + 229*u + 10974. Determine s(-41).
-96
Let s(j) = j**2 + 184*j + 2549. Calculate s(-12).
485
Let c(x) = 126*x**3 + 5*x**2 - 26*x - 72. What is c(-3)?
-3351
Let n(q) = -2*q**3 - 44*q**2 + 23*q + 714. Give n(-22).
208
Let i(f) = f**2 - 131*f - 2157. What is i(-15)?
33
Let r(m) = -49*m**2 + 1845*m - 1193. What is r(37)?
-9
Let c(h) = 2*h**3 + 36*h**2 + 61*h - 11. What is c(-9)?
898
Let p(f) = -3*f**2 + 820*f + 95393. Determ